
2, 34283
What are the prime factors of 98819?
7, 19, 743
What are the prime factors of 1431?
3, 53
List the prime factors of 1850.
2, 5, 37
What are the prime factors of 10345?
5, 2069
What are the prime factors of 10485?
3, 5, 233
What are the prime factors of 648?
2, 3
List the prime factors of 8158.
2, 4079
List the prime factors of 31723.
31723
List the prime factors of 6397.
6397
What are the prime factors of 916?
2, 229
What are the prime factors of 1065?
3, 5, 71
What are the prime factors of 174?
2, 3, 29
List the prime factors of 6580.
2, 5, 7, 47
List the prime factors of 12077.
13, 929
List the prime factors of 25507.
23, 1109
What are the prime factors of 66604?
2, 16651
What are the prime factors of 29381?
11, 2671
What are the prime factors of 62964?
2, 3, 11, 53
What are the prime factors of 24673?
11, 2243
List the prime factors of 1354.
2, 677
What are the prime factors of 1673?
7, 239
List the prime factors of 505.
5, 101
List the prime factors of 961.
31
What are the prime factors of 3024?
2, 3, 7
What are the prime factors of 27726?
2, 3, 4621
List the prime factors of 4149.
3, 461
List the prime factors of 31688.
2, 17, 233
What are the prime factors of 12856?
2, 1607
List the prime factors of 8444.
2, 2111
List the prime factors of 397.
397
What are the prime factors of 21133?
7, 3019
What are the prime factors of 4536?
2, 3, 7
List the prime factors of 1763.
41, 43
What are the prime factors of 6259?
11, 569
What are the prime factors of 391?
17, 23
List the prime factors of 47719.
7, 17, 401
What are the prime factors of 1248?
2, 3, 13
List the prime factors of 83515.
5, 16703
What are the prime factors of 102?
2, 3, 17
List the prime factors of 19213.
19213
What are the prime factors of 58194?
2, 3, 53, 61
List the prime factors of 53952.
2, 3, 281
What are the prime factors of 487?
487
List the prime factors of 1544.
2, 193
List the prime factors of 61194.
2, 3, 7, 31, 47
List the prime factors of 75025.
5, 3001
What are the prime factors of 1039?
1039
List the prime factors of 1863.
3, 23
What are the prime factors of 95455?
5, 17, 1123
List the prime factors of 140367.
3, 71, 659
List the prime factors of 1836.
2, 3, 17
List the prime factors of 1216.
2, 19
What are the prime factors of 20263?
23, 881
What are the prime factors of 1283?
1283
What are the prime factors of 452?
2, 113
What are the prime factors of 6200?
2, 5, 31
List the prime factors of 36891.
3, 4099
List the prime factors of 15293.
41, 373
What are the prime factors of 1072?
2, 67
What are the prime factors of 983?
983
What are the prime factors of 7117?
11, 647
List the prime factors of 2588.
2, 647
What are the prime factors of 71038?
2, 11, 3229
List the prime factors of 7952.
2, 7, 71
What are the prime factors of 146440?
2, 5, 7, 523
What are the prime factors of 1075?
5, 43
List the prime factors of 43125.
3, 5, 23
What are the prime factors of 16143?
3, 5381
List the prime factors of 8442.
2, 3, 7, 67
What are the prime factors of 2798?
2, 1399
List the prime factors of 1752.
2, 3, 73
What are the prime factors of 35812?
2, 7, 1279
List the prime factors of 326.
2, 163
List the prime factors of 22397.
22397
List the prime factors of 19003.
31, 613
List the prime factors of 747.
3, 83
List the prime factors of 526.
2, 263
List the prime factors of 82510.
2, 5, 37, 223
What are the prime factors of 15071?
7, 2153
List the prime factors of 3715.
5, 743
List the prime factors of 1377.
3, 17
What are the prime factors of 1110?
2, 3, 5, 37
What are the prime factors of 6147?
3, 683
What are the prime factors of 1565?
5, 313
List the prime factors of 26357.
26357
List the prime factors of 4523.
4523
List the prime factors of 12458.
2, 6229
List the prime factors of 507.
3, 13
List the prime factors of 2398.
2, 11, 109
List the prime factors of 587.
587
What are the prime factors of 1429?
1429
What are the prime factors of 567?
3, 7
What are the prime factors of 19144?
2, 2393
List the prime factors of 15814.
2, 7907
What are the prime factors of 612?
2, 3, 17
List the prime factors of 17795.
5, 3559
What are the prime factors of 4063?
17, 239
List the prime factors of 2301.
3, 13, 59
List the prime factors of 53045.
5, 103
List the prime factors of 900.
2, 3, 5
What are the prime factors of 36642?
2, 3, 31, 197
List the prime factors of 4372.
2, 1093
List the prime factors of 355.
5, 71
List the prime factors of 25739.
7, 3677
List the prime factors of 2173.
41, 53
What are the prime factors of 103627?
173, 599
What are the prime factors of 1039?
1039
List the prime factors of 15873.
3, 11, 13, 37
List the prime factors of 10613.
10613
List the prime factors of 9241.
9241
What are the prime factors of 2934?
2, 3, 163
What are the prime factors of 6844?
2, 29, 59
List the prime factors of 1107.
3, 41
What are the prime factors of 36877?
36877
What are the prime factors of 1394?
2, 17, 41
What are the prime factors of 16627?
13, 1279
List the prime factors of 2821.
7, 13, 31
What are the prime factors of 106199?
17, 6247
List the prime factors of 743.
743
What are the prime factors of 34706?
2, 7, 37, 67
What are the prime factors of 2135?
5, 7, 61
What are the prime factors of 2044?
2, 7, 73
List the prime factors of 5534.
2, 2767
List the prime factors of 7539.
3, 7, 359
List the prime factors of 10698.
2, 3, 1783
What are the prime factors of 5742?
2, 3, 11, 29
List the prime factors of 9928.
2, 17, 73
What are the prime factors of 678?
2, 3, 113
What are the prime factors of 572?
2, 11, 13
What are the prime factors of 26759?
26759
What are the prime factors of 385?
5, 7, 11
List the prime factors of 1629.
3, 181
What are the prime factors of 53126?
2, 101, 263
List the prime factors of 2109.
3, 19, 37
List the prime factors of 1366.
2, 683
What are the prime factors of 497?
7, 71
List the prime factors of 6877.
13, 23
What are the prime factors of 129?
3, 43
List the prime factors of 15607.
15607
What are the prime factors of 8445?
3, 5, 563
List the prime factors of 926.
2, 463
List the prime factors of 420.
2, 3, 5, 7
What are the prime factors of 78254?
2, 11, 3557
List the prime factors of 29492.
2, 73, 101
List the prime factors of 29996.
2, 7499
What are the prime factors of 2551?
2551
List the prime factors of 35320.
2, 5, 883
List the prime factors of 787.
787
What are the prime factors of 43511?
13, 3347
What are the prime factors of 318?
2, 3, 53
List the prime factors of 182748.
2, 3, 97, 157
List the prime factors of 4954.
2, 2477
What are the prime factors of 57232?
2, 7, 73
What are the prime factors of 2039?
2039
What are the prime factors of 65155?
5, 83, 157
List the prime factors of 8764.
2, 7, 313
What are the prime factors of 2781?
3, 103
What are the prime factors of 10810?
2, 5, 23, 47
List the prime factors of 2021.
43, 47
What are the prime factors of 4789?
4789
List the prime factors of 567.
3, 7
What are the prime factors of 8959?
17, 31
What are the prime factors of 4444?
2, 11, 101
List the prime factors of 1143.
3, 127
What are the prime factors of 6355?
5, 31, 41
List the prime factors of 7584.
2, 3, 79
What are the prime factors of 974?
2, 487
List the prime factors of 38453.
38453
What are the prime factors of 181368?
2, 3, 11, 229
What are the prime factors of 6332?
2, 1583
List the prime factors of 51534.
2, 3, 7, 409
What are the prime factors of 8367?
3, 2789
What are the prime factors of 779?
19, 41
List the prime factors of 76775.
5, 37, 83
List the prime factors of 36816.
2, 3, 13, 59
List the prime factors of 10812.
2, 3, 17, 53
What are the prime factors of 709?
709
List the prime factors of 8.
2
What are the prime factors of 1106?
2, 7, 79
List the prime factors of 2357.
2357
What are the prime factors of 56?
2, 7
List the prime factors of 630.
2, 3, 5, 7
What are the prime factors of 21379?
21379
List the prime factors of 894.
2, 3, 149
List the prime factors of 2471.
7, 353
List the prime factors of 212.
2, 53
What are the prime factors of 123726?
2, 3, 17, 1213
What are the prime factors of 68694?
2, 3, 107
What are the prime factors of 5416?
2, 677
What are the prime factors of 3286?
2, 31, 53
List the prime factors of 14534.
2, 13, 43
What are the prime factors of 492?
2, 3, 41
List the prime 